t common factor of 135 and 15.
15
What is the greatest common factor of 98 and 8330?
98
Calculate the greatest common factor of 22 and 649.
11
Calculate the highest common factor of 132 and 28.
4
What is the greatest common divisor of 8 and 1248?
8
Calculate the highest common factor of 2 and 106.
2
Calculate the highest common factor of 36 and 18.
18
What is the greatest common factor of 1 and 42?
1
What is the greatest common factor of 310 and 110?
10
What is the greatest common factor of 6 and 4098?
6
Calculate the greatest common divisor of 2769 and 52.
13
What is the highest common divisor of 18 and 846?
18
What is the highest common factor of 25 and 1975?
25
Calculate the greatest common factor of 115 and 69.
23
Calculate the highest common factor of 7 and 21.
7
Calculate the highest common factor of 453 and 15.
3
What is the greatest common divisor of 84 and 2688?
84
What is the greatest common factor of 1330 and 455?
35
Calculate the highest common divisor of 6 and 28.
2
What is the highest common divisor of 804 and 192?
12
Calculate the greatest common divisor of 507 and 2613.
39
Calculate the highest common factor of 748 and 110.
22
Calculate the greatest common factor of 45 and 1035.
45
What is the greatest common divisor of 423 and 36?
9
What is the greatest common factor of 380 and 15010?
190
Calculate the greatest common divisor of 22 and 32.
2
What is the highest common divisor of 2631 and 3?
3
What is the greatest common divisor of 88 and 4026?
22
What is the highest common divisor of 81 and 45?
9
Calculate the greatest common divisor of 126 and 11214.
126
What is the greatest common factor of 52 and 5356?
52
Calculate the highest common divisor of 11 and 2178.
11
What is the greatest common factor of 1722 and 189?
21
What is the greatest common factor of 11412 and 36?
36
Calculate the highest common factor of 31 and 279.
31
Calculate the greatest common divisor of 35 and 3647.
7
Calculate the highest common factor of 1395 and 775.
155
Calculate the highest common divisor of 69 and 115.
23
Calculate the greatest common factor of 201 and 6.
3
Calculate the highest common divisor of 3 and 1.
1
Calculate the greatest common factor of 164 and 574.
82
What is the greatest common factor of 56 and 616?
56
Calculate the greatest common factor of 44 and 212.
4
What is the highest common factor of 274 and 1?
1
What is the greatest common factor of 4018 and 164?
82
What is the highest common factor of 189 and 147?
21
What is the greatest common divisor of 96 and 624?
48
What is the highest common divisor of 67 and 2546?
67
Calculate the highest common divisor of 64 and 48.
16
Calculate the highest common factor of 165 and 375.
15
What is the highest common factor of 36 and 132?
12
What is the highest common divisor of 264 and 198?
66
Calculate the greatest common divisor of 124 and 992.
124
What is the highest common factor of 581 and 21?
7
What is the greatest common factor of 9 and 1?
1
Calculate the highest common divisor of 136 and 8.
8
Calculate the greatest common divisor of 13189 and 218.
109
Calculate the greatest common factor of 4 and 436.
4
What is the highest common factor of 527 and 17?
17
Calculate the greatest common factor of 33 and 297.
33
What is the greatest common factor of 665 and 1463?
133
Calculate the highest common divisor of 168 and 420.
84
Calculate the highest common factor of 5595 and 45.
15
What is the highest common factor of 800 and 225?
25
Calculate the greatest common divisor of 141 and 1269.
141
What is the highest common divisor of 150 and 45?
15
What is the greatest common divisor of 18 and 261?
9
Calculate the greatest common divisor of 2024 and 176.
88
What is the highest common factor of 6 and 1182?
6
Calculate the greatest common factor of 180 and 72.
36
Calculate the highest common divisor of 95 and 5.
5
Calculate the greatest common divisor of 126 and 238.
14
Calculate the highest common divisor of 16 and 36368.
16
Calculate the highest common divisor of 166 and 2.
2
What is the highest common divisor of 253 and 22?
11
Calculate the greatest common factor of 940 and 20.
20
Calculate the greatest common divisor of 96 and 132.
12
Calculate the greatest common factor of 356 and 32.
4
What is the highest common factor of 92 and 414?
46
What is the highest common factor of 20 and 700?
20
Calculate the greatest common factor of 9 and 27.
9
What is the highest common divisor of 17 and 136?
17
Calculate the greatest common divisor of 6137 and 76.
19
Calculate the greatest common divisor of 16 and 144.
16
Calculate the highest common factor of 624 and 240.
48
Calculate the greatest common factor of 14 and 448.
14
Calculate the greatest common factor of 323 and 133.
19
Calculate the greatest common factor of 152 and 8.
8
Calculate the highest common factor of 6672 and 139.
139
Calculate the highest common factor of 17 and 85.
17
Calculate the highest common factor of 140 and 4520.
20
What is the greatest common factor of 175 and 100?
25
What is the greatest common divisor of 30009 and 21?
21
What is the highest common divisor of 736 and 64?
32
Calculate the highest common factor of 30 and 75.
15
What is the greatest common divisor of 2673 and 198?
99
What is the greatest common divisor of 240 and 615?
15
What is the greatest common divisor of 15563 and 985?
197
Calculate the highest common divisor of 3920 and 336.
112
Calculate the greatest common factor of 319 and 11.
11
Calculate the greatest common divisor of 15408 and 48.
48
What is the greatest common factor of 770 and 80?
10
Calculate the greatest common divisor of 75 and 6025.
25
Calculate the greatest common factor of 288 and 468.
36
What is the highest common factor of 112 and 3584?
112
Calculate the greatest common factor of 532 and 114.
38
What is the greatest common divisor of 5 and 605?
5
Calculate the greatest common factor of 22 and 13046.
22
Calculate the highest common factor of 1246 and 49.
7
Calculate the highest common divisor of 805 and 322.
161
What is the highest common factor of 272 and 170?
34
What is the highest common factor of 1221 and 132?
33
What is the greatest common factor of 1837 and 334?
167
Calculate the greatest common divisor of 574 and 2.
2
Calculate the highest common divisor of 198 and 522.
18
What is the greatest common divisor of 56 and 216?
8
What is the greatest common divisor of 440 and 88?
88
What is the greatest common divisor of 36 and 1341?
9
Calculate the greatest common divisor of 68 and 4.
4
What is the highest common factor of 1122 and 66?
66
Calculate the highest common factor of 33 and 1628.
11
What is the highest common divisor of 610 and 40?
10
What is the greatest common divisor of 24 and 1032?
24
What is the highest common factor of 60 and 108?
12
Calculate the greatest common divisor of 29 and 8033.
29
What is the greatest common factor of 200 and 680?
40
Calculate the greatest common divisor of 713 and 155.
31
What is the highest common factor of 15 and 33?
3
Calculate the greatest common factor of 1900 and 200.
100
Calculate the highest common factor of 48 and 512.
16
Calculate the highest common factor of 6 and 128.
2
Calculate the greatest common divisor of 403 and 1417.
13
What is the greatest common factor of 12 and 7512?
12
What is the greatest common factor of 116 and 203?
29
Calculate the highest common divisor of 33 and 407.
11
Calculate the greatest common factor of 16 and 12.
4
Calculate the highest common factor of 55 and 187.
11
What is the greatest common factor of 40 and 24?
8
What is the highest common factor of 583 and 143?
11
Calculate the greatest common factor of 130 and 104.
26
What is the greatest common divisor of 44 and 1408?
44
Calculate the highest common divisor of 63 and 2907.
9
Calculate the highest common factor of 1235 and 65.
65
Calculate the highest common factor of 3666 and 72.
6
Calculate the greatest common factor of 66 and 4125.
33
What is the greatest common divisor of 1682 and 29?
29
Calculate the greatest common factor of 8 and 38504.
8
What is the highest common divisor of 2050 and 20?
10
Calculate the highest common divisor of 944 and 48.
16
Calculate the greatest common divisor of 71 and 4544.
71
Calculate the highest common factor of 164 and 41.
4